 u.
4
Let n = -412 + 397. Calculate the remainder when n/((-4)/(-18) + (-69)/189) is divided by 28.
21
Let m = 259 - 265. Calculate the remainder when 16/(-8)*(495/m + -1) is divided by 90.
77
Let f be (-2)/8 + (-210)/(-8). Let p = 49 - f. Let b = 2087 + -2075. What is the remainder when p is divided by b?
11
Let i(y) = -4*y. Let c be i(-1). Let s(p) = 54*p - 49. What is the remainder when s(c) is divided by 46?
29
Let h = 2924 + -2906. Calculate the remainder when 19 is divided by h.
1
Let f(t) = -t**2 - 53*t - 323. Calculate the remainder when f(-27) is divided by 80.
59
Let v(n) = 30*n**2 - 11 + 12*n + 23*n**2 + 20*n**2. Calculate the remainder when v(1) is divided by 20.
14
Let h(f) = f**3 + 7*f**2 - 24*f - 70. What is the remainder when 151 is divided by h(-3)?
37
Suppose 4*f - 3*k - 21 = 0, -33 + 8 = -5*k. Suppose 49 = 3*u + 4. What is the remainder when u is divided by f?
6
Let m(d) be the second derivative of d**3/3 - 63*d**2/2 - 50*d. Calculate the remainder when 228 is divided by m(35).
4
Let v(h) = -7*h + 4. Let z be v(4). Let o be (8/z)/((-1)/12). Suppose -150 = -6*j + j + 4*s, 46 = j - o*s. What is the remainder when 101 is divided by j?
23
Let l(m) = -m**3 + 8*m**2 + 19*m + 4. Let s be l(7). Let q = 198 - s. Let h = -39 - -81. What is the remainder when h is divided by q?
6
Let t(f) be the second derivative of -f**4/12 - 11*f**3/6 + 107*f**2/2 - 29*f. Calculate the remainder when 69 is divided by t(-17).
4
Let r = -1696 + 1820. What is the remainder when r is divided by 58?
8
Suppose 0 = t + 4*t + 2*n - 84, -12 = 4*n. Let c = -6 + t. Let i = 131 + -113. Calculate the remainder when i is divided by c.
6
What is the remainder when (-1887472)/(-966) + 18/189 is divided by 648?
10
Let m = -1910 + 2027. Calculate the remainder when 184 is divided by m.
67
Let y = 89 - 85. Suppose -3*a = -y*a - 27. Calculate the remainder when 78 is divided by 5*1 - (a - -22).
8
Let s = 67056 - 67031. Let i(l) = l**3 - 5*l**2 + l - 8. Calculate the remainder when i(6) is divided by s.
9
Let l(u) = -8*u - 5*u - u - 15 + 13*u - u. Calculate the remainder when 22 is divided by l(-13).
0
Suppose -2*c = -2, -10 + 48 = 3*n - 4*c. Let j be 0 + 0 - (-7 - -5). Calculate the remainder when j/(8/27)*4 is divided by n.
13
Let i = -9980 + 10398. Calculate the remainder when i is divided by 90.
58
Let h be (-6)/9 + (-88)/12. Let i(m) = 2*m**3 + 17*m**2 + 5*m - 9. What is the remainder when 117 is divided by i(h)?
12
Suppose 6*y + 7638 = 20*y + 43*y. What is the remainder when 226 is divided by y?
92
Let k(s) = s**2 - 36*s - 147. What is the remainder when 457 is divided by k(-5)?
51
Let y = -5908 - -5945. What is the remainder when 478 is divided by y?
34
Let o(m) = -m**3 + 6*m**2 + 228*m + 10. Calculate the remainder when o(18) is divided by 88.
50
Let u(z) = 887*z + 163*z**2 - 887*z - 2. Let b be u(1). Suppose -2*h + 227 = 3*j + 2*j, 3*j - 5*h = b. What is the remainder when j is divided by 10?
7
Let m(f) be the second derivative of f**4/2 + f**3 - 4*f**2 + f - 56. What is the remainder when m(5) is divided by 35?
32
Let q(b) be the second derivative of -b**3 + 26*b**2 - 141*b. What is the remainder when q(-5) is divided by 23?
13
Suppose 60 + 4 = 4*y. Suppose -3*o + y = o. Suppose 5*d - 82 = -4*s, 0*s - o*s + 46 = 3*d. Calculate the remainder when 53 is divided by d.
17
Let i = -192 - -232. Suppose 0 = -c + i + 3. What is the remainder when c is divided by 4?
3
Suppose 3*z - 9 = y, -z - 11 = 5*y - 3*y. What is the remainder when (-606)/(-14) + (-11)/((-462)/(-12)) is divided by (92/y)/(0 + 10/(-15))?
20
Suppose 0*r = 2*r - 96. Suppose -21*s = -57 - 6. Suppose 138 - 421 = -2*t + a, s*a = -9. Calculate the remainder when t is divided by r.
44
Let t(d) = -2*d**3 - 107*d**2 + 18*d - 23. Calculate the remainder when t(-54) is divided by 62.
61
Let f(g) = 290*g**2 - 19*g + 63. Calculate the remainder when f(4) is divided by 52.
51
Suppose 4*c + 23 = 3*f + 3, 0 = c + 4*f + 24. Calculate the remainder when 471 is divided by 364/6 + c + (-209)/(-33).
58
Suppose 2459*l + 36 = 2461*l. Suppose -2*z = -3*m - 296, 5*m = -4*z + 236 + 400. Calculate the remainder when z is divided by l.
10
Let s(u) = 1132*u + 17057. Suppose k + 2*k - 135 = 0. What is the remainder when s(-15) is divided by k?
32
Let q(v) = v**2 - 5*v + 4. Let g be q(7). Let n be (1*-3)/(g/84*-1). Let d(i) = i - 2. Calculate the remainder when 23 is divided by d(n).
11
Let w = -2700 - -2936. Calculate the remainder when 449 is divided by w.
213
Let k = 7297 + -7274. Calculate the remainder when 126 is divided by k.
11
Let v(p) be the first derivative of -121*p**4/4 + 4*p**3/3 + 2*p**2 - p + 21. What is the remainder when v(-1) is divided by 32?
24
Let z(m) = m**2 - 7*m + 3. Calculate the remainder when (-3)/((-39)/104) + 85 is divided by z(-4).
46
Let l(c) = c**2 - 306*c - 3144. What is the remainder when 3133 is divided by l(-10)?
13
Suppose 0 = 184*h - 188*h + 1564. Calculate the remainder when h is divided by 190.
11
Let i = 2034 - 2013. Calculate the remainder when 502 is divided by i.
19
Suppose -970 = -15*f + 4835. Calculate the remainder when f is divided by 201.
186
Let r(h) = -8 - 15*h - 4*h + 0 + 6. Let i(q) = -94*q - 10. Let b(n) = 2*i(n) - 11*r(n). Calculate the remainder when 88 is divided by b(1).
19
Calculate the remainder when 493 is divided by -3 + 9 + -5 + 12/(-18)*-234.
22
Suppose -5*y + 30 = 20. Suppose -23 - 9 = -y*k. Let r(w) = -w**3 + 17*w**2 - 14*w - 12. Calculate the remainder when 59 is divided by r(k).
19
Let n = -70 + 158. Suppose 4*x - n = 76. What is the remainder when x is divided by 7?
6
Let o(q) = -61*q**3 - 2*q**2 - 10*q + 23. Let f(i) = -21*i**3 - i**2 - 3*i + 8. Let k(m) = 8*f(m) - 3*o(m). What is the remainder when 67 is divided by k(1)?
11
Let x(p) = -5 + 14*p + 7 + 3. Let m be (-6)/(-9) - (-124)/93. Calculate the remainder when 163 is divided by x(m).
31
Let s be 4*((-14)/(-8) - 3). Suppose 7*w - 142 = 26. Calculate the remainder when 9/(-15) + (-203)/s is divided by w.
16
Let d(h) = 0 + 6*h**2 - 5 + 10*h - 15 + 6 - h**3. Let z be d(7). Suppose -9*r = -z*r - 140. Calculate the remainder when r is divided by 15.
10
Let s(i) = 40*i**2 + 10*i - 35. Let k be s(7). Suppose 7*f - k = -12*f. Calculate the remainder when f is divided by 6.
3
Let h(o) = -o**2 - 21*o + 195. Let v(z) = 19*z**2 + 3*z - 30. What is the remainder when v(5) is divided by h(-27)?
31
Let s(y) = y**3 + 18*y**2 + 39*y - 56. What is the remainder when 7/(-35) - 1692/(-10) is divided by s(-15)?
33
What is the remainder when 1566 is divided by (-50 + 60)*2/100 - (-118)/10?
6
Suppose -3*a - 6*i + 462 = 0, -110*a + 111*a = 4*i + 196. Calculate the remainder when a is divided by 149.
19
Let d(m) = -242*m + 1455. What is the remainder when d(4) is divided by 128?
103
Calculate the remainder when ((-1707)/18)/(202/(-1919)) - 1/(-12) is divided by 40.
21
Let z be 7 - 10 - (0 + -31 - 2). Suppose 7*v = v + z. Suppose -20 = v*q, 7*q = -j + 2*q + 5. Calculate the remainder when 71 is divided by j.
21
Let h = 546 - 314. Suppose 19*a - 186 = h. Suppose 0*k - 4*m - 164 = -2*k, 78 = k - 4*m. What is the remainder when k is divided by a?
20
Let b(n) = -721*n - 7558. Calculate the remainder when b(-31) is divided by 27.
24
Let g be ((-2)/4)/((6 + -1)/70). Let p(l) = -l**3 - 8*l**2 - 10*l - 7. Let c be p(g). Calculate the remainder when (-488)/c*14/(-4) is divided by 31.
29
Suppose 94*x - 93*x - 1098 = 0. Suppose 2*q + x = 4*u - 676, 0 = 3*q - 9. What is the remainder when u is divided by 56?
53
Let d(r) = r**2 + 8*r + 10. Let i be d(-7). Suppose i*a + 4 = 22. What is the remainder when 1829/118 - -3*3/(-18) is divided by a?
3
Suppose -4*l - 5*r - 20 = -9*l, 3*r = 0. Suppose 16*j - 132 = l*j. Let y(d) = -d**2 + d + 18. What is the remainder when y(0) is divided by j?
7
Suppose 4707 - 7086 = -13*m. What is the remainder when m is divided by 28?
15
Let w = -81 + -66. Let d = w - -155. What is the remainder when 10 is divided by d?
2
Let x = -2 + 12. Let h(o) = -2*o**2 + 41*o - 21. Let w be h(20). Calculate the remainder when 30/(-5) - w - -6 - -31 is divided by x.
2
Let f = 61965 + -41159. What is the remainder when f is divided by 51?
49
Suppose -2*j - 2*j + 504 = 0. Let n(b) = -943*b + 23 - 944*b + 1884*b. What is the remain